et j(y) = -4*y - 35. Let z = -11 - -1. Let i be j(z). Calculate the highest common factor of i and 85.
5
Suppose 453 = 5*v - 17. Suppose 0 = -3*c + 5*k + 640 - v, -2*c - 2*k + 364 = 0. Calculate the highest common factor of c and 26.
26
Let o(h) = h**2 + 2*h - 8. Let v be (108/(-126))/((-6)/7 + 1). Let a be o(v). Calculate the highest common divisor of a and 24.
8
Suppose -86 = 56*u - 254. What is the highest common divisor of 219 and u?
3
Suppose 4*c - 30 = -c. Suppose -2*p = -c, -2*p = t - 214 - 100. What is the greatest common divisor of t and 28?
28
Let p(g) = 5*g + 72. Let r be p(-13). What is the greatest common divisor of r and 77?
7
Suppose 5*l - 6179 = r, -5*l = -3*r - 5952 - 235. What is the highest common factor of 65 and l?
65
Suppose 0 = -2*p + 2*q + 14, -2*q - 15 = -3*p + 3*q. What is the greatest common factor of p and 18?
2
Let i be 8/12 + 280/12. Suppose 0 = 3*j - j - i. Calculate the greatest common divisor of j and 4.
4
Suppose 0 = -s, -n + 2*n - 2*s - 76 = 0. Calculate the greatest common factor of 57 and n.
19
Let j(f) = -f + 16. Let y be (-4 - -1) + 0 - (3 + 10). Let n be j(y). Calculate the greatest common divisor of n and 352.
32
Let f be -60*5/(-4 + 14). Let d = f + 65. What is the highest common factor of 175 and d?
35
Suppose -2*y + 5*n = -7*y + 455, -5*y = -4*n - 482. Let u = y - 10. What is the highest common factor of 12 and u?
12
Let d = 128 - 75. Let k = d - 32. What is the greatest common factor of 84 and k?
21
Suppose -2*r + 5*h + 29 = -r, 3*r + 5*h - 7 = 0. Suppose -214 - 272 = -r*u. Calculate the greatest common divisor of u and 162.
54
Suppose 5*q + 0*g - g = 29, -q = -3*g - 17. Suppose 6*x = q*x + 6. Suppose -2*y + 109 = 3*y + 3*z, 0 = 2*z - x. What is the highest common divisor of 5 and y?
5
Suppose -y + 3 + 0 = 0. Suppose -k + 20 = y. Calculate the highest common divisor of 136 and k.
17
Let q be 40/6*9/3. Let f(i) = 2*i**2 - 110*i + 525. Let h be f(5). Calculate the greatest common factor of h and q.
5
Suppose 5*r - 15 = 0, 8 + 10 = 3*m - 3*r. What is the highest common divisor of 9 and m?
9
Suppose 0 = -0*f + 4*f. Suppose 3*z + z - 16 = f. Let u = z + 23. What is the greatest common factor of 216 and u?
27
Let j(m) = 5*m**2 - 56*m + 24. Let x be j(11). What is the highest common factor of 52 and x?
13
Suppose 3*k = 2*o - 8 + 13, 0 = -2*k - 5*o + 35. Suppose -2*i - 6*g + 14 = -4*g, -4*i - 2 = -2*g. What is the highest common factor of k and i?
1
Suppose -8 = 2*h - 20. Suppose -2*s - 5*r = -6, -2*s - 2*r + h = -3*r. Calculate the highest common factor of 27 and s.
3
Let p be (105/63)/(5/18). Suppose 2*d - d = p. What is the greatest common divisor of d and 6?
6
Let g = -108 + 99. Let d(j) = 3*j + 41. Let l be d(g). Calculate the highest common divisor of l and 56.
14
Let m be (-8 - -4) + (-9)/(0 - 1). Suppose 3*t = -4*f - 69 + 216, -m*f + 5*t = -175. What is the highest common divisor of 12 and f?
12
Suppose -8*n + 4 = -4*n. Let h be ((-21)/12 + 1)/((-2)/16). Suppose 38*f - h = 32*f. Calculate the greatest common divisor of n and f.
1
Let o(j) = 25*j - 9. Suppose 0*m + m - 2*l = -1, 0 = 2*m - 5*l + 4. Let g be o(m). What is the greatest common divisor of g and 99?
33
Suppose 0 = 15*c - 4779 - 12126. Calculate the highest common factor of c and 23.
23
Let d(u) = -u**2 - 8*u + 2. Let j be d(-8). Let p = -31 + 13. Let t be ((-13)/j)/(3/p). Calculate the greatest common factor of 26 and t.
13
Let t(q) = -q**3 - q**2 - q + 6. Let j be t(0). Suppose -24 = -7*r + j*r. What is the greatest common divisor of r and 8?
8
Suppose 0 = 2*p - 4*m - 10, -3*p = -4*p - 5*m - 2. Suppose -p*b + 48 = b. Let s be 168/1*2/4. Calculate the greatest common factor of s and b.
12
Suppose 2 = 2*h - 2. Suppose -3*t + 4 + 9 = 4*c, h*c + 3*t = 5. Suppose 317 + 143 = c*j. What is the highest common divisor of j and 23?
23
Let k be -3*9*3/3. Let c be ((-12)/(-10))/(k/(-180)). Calculate the highest common divisor of 24 and c.
8
Let r be 11/(-2) - 2/(-4) - -55. Calculate the greatest common divisor of r and 300.
50
Suppose 8*a + 151 = 31. Suppose -2*v + 4*x + 68 = 18, 0 = 5*v - 3*x - 153. Let y = v - a. Calculate the highest common factor of 12 and y.
12
Let u be -16 + (-1)/((-3)/(-9)). Let i = u - -25. Let s be (i - 1)/(5/10). What is the highest common factor of 40 and s?
10
Let k be (-507 + 8)*(-2 - -1) - 6. What is the greatest common factor of k and 29?
29
Let k(u) = -u**3 + 21*u**2 + 49*u + 18. Let m be k(23). Calculate the greatest common factor of m and 319.
29
Let z be (-4)/10*15*-16. Let x = z - 85. Calculate the highest common divisor of 55 and x.
11
Let k = -23 + 43. Let g(j) = -j**3 + 27*j**2 - 135*j - 90. Let y be g(20). Calculate the highest common divisor of y and k.
10
Suppose 5*r - 2*v = -v + 445, r - 98 = 2*v. Let m = -24 + r. Calculate the highest common factor of 32 and m.
32
Let b = -325 + 333. Let r be (-1 + -1)/(8/(-28)). Suppose r*z - 12 = 4*z. Calculate the greatest common divisor of b and z.
4
Let u be (-8)/92 + (1014/23 - 2). Calculate the highest common divisor of u and 186.
6
Let w be (-144)/(-90)*(-85)/(-2). Calculate the highest common divisor of 170 and w.
34
Let k be (-15)/(-10)*(-60)/(-9). What is the highest common divisor of 18 and k?
2
Let w(b) = b**3 - 20*b**2 + 3*b - 8. Let f be w(20). Calculate the highest common divisor of 91 and f.
13
Let h be 7 - (-45)/(-30)*48/(-9). What is the highest common divisor of h and 810?
15
Let q = 2426 + -2314. What is the greatest common factor of 1792 and q?
112
Let t be (-1)/(-2) - 453/(-6). Suppose -1824 = 3*n - 19*n. What is the highest common factor of n and t?
38
Let i be 5/((-20)/(-432))*1. Suppose -108 = -44*p + 40*p. What is the highest common factor of i and p?
27
Suppose 2*q - 14*g = -11*g + 552, -5*q + 3*g + 1380 = 0. Calculate the highest common factor of 24 and q.
12
Suppose 3*u + b = 171 + 40, 0 = 5*b + 25. Suppose 2*m = -z + 22, 5*z - 2*z = 4*m + 46. Calculate the greatest common factor of u and z.
18
Suppose -90 = -c - 72. Suppose -3*t + 506 = 128. Calculate the highest common divisor of c and t.
18
Let c(t) = -2*t + 56. Let f be c(-38). What is the greatest common divisor of 363 and f?
33
Let h(p) = -p + 21. Let q be h(5). Let m be (q + -15)/(1/16). Suppose 2*d + 720 = 7*d. What is the greatest common factor of m and d?
16
Let f be (-62)/(-4) - (-2)/(-4). Suppose 0*d - d - 3*h = 7, 6 = 2*d - 4*h. Let u be d*18*(-10)/f. What is the greatest common factor of u and 4?
4
Let o be 2*(-9)/6 - (-4 + -4). Suppose s = o*m + 1 + 11, 0 = 3*s + 3*m - 18. Calculate the greatest common factor of 49 and s.
7
Let l be 10 + 1 + -1 + -2. Suppose -2*g = -4*g + l, -2*p = -5*g - 84. Let a be 119/(12 + -5) - (-20)/(-5). Calculate the highest common divisor of p and a.
13
Let q = -7 - -19. Let i(l) = -10*l - 128. Let k be i(-14). What is the highest common factor of q and k?
12
Let y(r) = 17*r**2 + 6*r - 50. Let h be y(6). What is the highest common factor of h and 23?
23
Let z(j) = 4*j - 14. Let r be z(5). Suppose -s + 2 = -r. What is the greatest common factor of s and 2?
2
Suppose -l - 32 = -5*l. Let k = 4 + l. Let v be 6/15*180/2. Calculate the highest common divisor of k and v.
12
Let x be 3*155/120*8. Calculate the highest common factor of 1 and x.
1
Suppose 2*v = -2*r + 54, 3*r = -4*v - 10 + 88. Let m(w) = 2*w**2 - 11*w - 15. Let o be m(10). What is the greatest common divisor of r and o?
15
Let n be (-1 - -2 - -2)*160/24. Let p(m) = -m**2 + 20*m + 9. Let f be p(n). What is the greatest common divisor of 18 and f?
9
Suppose -142 = -26*s - 116. Let z(f) = -f - 5. Let c be z(-8). Let m be (5 + -2)*1/c. What is the highest common factor of s and m?
1
Let n(y) = y + 18. Let g be n(-12). Let a be ((-360)/(-3))/(9/g). Calculate the greatest common factor of a and 16.
16
Let t = 18 + -18. Let j = 65 - t. What is the greatest common divisor of 13 and j?
13
Let w be 10/(40/(-5) + 10). Let y be 303/12 + 2/(-8). What is the highest common factor of y and w?
5
Suppose 2*c - 1 - 5 = 0. Suppose 0 = -c*j - 2*t + 6, -j + 5*j - t - 19 = 0. Calculate the greatest common factor of j and 2.
2
Suppose r - 2*t = 0, 4*r - 1 - 11 = -4*t. Suppose 5*i - 6*i = r. Let c be (5 - i) + (1 - 1). What is the greatest common divisor of c and 7?
7
Suppose 4*a - 123 + 343 = 0. Let b = a - -59. 